= 2195 - 2179. Let o(j) = -j**3 + 16*j**2 - 3*j + 42. What is o(c)?
-6
Let a(m) = -m**3 + 2*m**2 + 5*m + 6. Suppose 4*o = -9 + 25. Let i be a(o). Let b(u) = u**3 + 7*u**2 + 7*u + 2. What is b(i)?
-4
Suppose -418 = -5*r - 23. Let f = r + -76. Let i(s) = -s**2 - 2. Calculate i(f).
-11
Let x(l) be the second derivative of -7*l**4/12 + l**2/2 + 2*l - 33. Determine x(1).
-6
Suppose -a + o - 3 = 0, o + 1 = -3*a + 2*o. Let c(w) = 3*w**3 - 2*w**2 + 2*w + 6. Let u(k) = -k**3 + k - 1. Let p(r) = a*c(r) + 4*u(r). Determine p(-4).
10
Let i be (6 - 0/3) + 0. Let v = i - 4. Let k(h) = -h. Let n(j) = -5*j + 3. Let o(q) = k(q) - n(q). Determine o(v).
5
Let c(y) = -10 - 12 - 5*y + 20. Let t(q) = -8*q - 34. Let r be t(-4). Determine c(r).
8
Let f = 40 - 57. Let p = 11 + f. Let h(y) = 0 - y**3 + y - 6*y**2 + 0*y + 1. Determine h(p).
-5
Let r(p) = -12*p - 1 - 11*p - 8*p + 29*p. Give r(12).
-25
Let n(m) = -2*m - m - 1 + 0*m. Suppose 0 = 4*j - 16, -4*k - 3*j + 2*j - 56 = 0. Let w = 11 + k. Calculate n(w).
11
Let f(r) = -r**3 + r + 14. Suppose -j = 5*z - 18 - 7, -20 = 5*j - 4*z. Calculate f(j).
14
Let x(v) be the third derivative of -v**4/24 - v**3/6 - 638*v**2. Calculate x(0).
-1
Let j(r) = r**3 - 7*r**2 - r + 8. Let n = 246 + -135. Let a = n - 104. Calculate j(a).
1
Let v(r) = -2*r**3 + 33*r**2 + 4*r. Let j(s) = -s**3 + 25*s**2 + 5*s. Let t(l) = -3*j(l) + 2*v(l). Suppose -m + 0*n + 3*n = 23, 57 = -4*m + 5*n. What is t(m)?
-8
Let b(x) = -x**2 + 23 - 3*x - 4*x**3 + 8*x**2 + 3*x**3 - 13. Determine b(7).
-11
Let m(j) = -j**3 + 7*j**2 + 10*j - 8. Suppose z - 2*z + 8 = 0. What is m(z)?
8
Let f(g) = -2*g**2 + 145*g - 1 + 143*g - 281*g + g**2. Calculate f(8).
-9
Let s(k) = k - 10. Let c be s(12). Let f be (-1)/c + (-3)/(-6). Let i(t) = -15*t - t**3 - 8*t**2 + f*t**3 + 8*t. Give i(-7).
0
Let y = -28 - -26. Let m(u) = -u**3 - 9*u**2 + 6*u + 6. Let q(r) = 5*r**3 + 37*r**2 - 25*r - 23. Let o(c) = y*q(c) - 9*m(c). Determine o(6).
4
Let m(n) be the third derivative of 1/24*n**4 + 0 + 0*n - 5/2*n**3 + 15*n**2. Give m(0).
-15
Let n(f) = -2*f**3 + 2*f**2 + 4*f + 2. Let j be (1*2/(-5))/((-29)/1305). Suppose -j = -2*x + 11*x. Calculate n(x).
18
Let o(g) = g**2 - 7*g. Let r be (-6)/(-4) - (-711)/6. Let l be 4/22 + r/66. Let k = l + 2. Give o(k).
-12
Suppose 0 = 2*b - 8, r = -6*b + 5*b + 7. Let m(f) = 5*f**3 - 1 - f + 0*f**r + f. Suppose j - 5*j = -2*i - 6, -30 = 5*j + 5*i. Give m(j).
-6
Let t(h) = h**3 + 4*h**2 - 3*h + 3. Let z(a) = -a**2 - 2*a - 2. Let i(v) = t(v) + z(v). Determine i(-5).
-24
Suppose 10 = d + 4. Let n(j) = 2*j + j**3 - d*j**2 - 11*j + 7 + 2*j. Calculate n(7).
7
Let u = -1/320 - -43/960. Let r(k) be the third derivative of 0*k + 0*k**3 + u*k**4 + 0 - 8*k**2. Determine r(-3).
-3
Let h = -5 + 8. Let y(l) = -h + 3*l + 4 + 4*l - 6*l. Let x be 0*1/(-4)*-2. Calculate y(x).
1
Let y(g) be the second derivative of g**5/20 + 7*g**4/12 - 4*g**3/3 - 5*g**2/2 - 3*g. Suppose -3*n - 71 = -47. What is y(n)?
-5
Let x(t) = -t**2 + 4. Let w(o) = -2*o**2 + 8. Let i(r) = -3*w(r) + 5*x(r). Suppose -f + 17 = 4*l, 4*f = 3*f + 2*l - 13. Give i(f).
5
Suppose 3 = 3*g - 3. Let w(d) be the second derivative of d**5/10 - d**3/2 + d**2/2 + 272*d + 3. Calculate w(g).
11
Let h(v) = -4*v**3 + 1. Suppose -4*x - 8 - 12 = 0, -x = -2*a + 15. Suppose 0 = 3*l - a - 7. Suppose l*d + 4 = 4*q, d + 0 = 2*q - 1. Give h(d).
5
Let b be (3 + -1)*(-9)/18. Let x(d) = 26 - d - 26. Calculate x(b).
1
Let i(u) be the second derivative of 0 - 23*u - 19/6*u**3 - 1/2*u**2. Give i(-1).
18
Suppose -5*p + 2*p = -18. Let i(d) = -2*d - 5. What is i(p)?
-17
Let s(r) = -23 + 34 - 3*r**2 - 8 + r**3. What is s(3)?
3
Let n(u) = 8*u**2 + u + 1. Let q be n(1). Suppose -13*j = -q*j + 24. Let l(v) = -v**3 - 8*v**2 + 3. What is l(j)?
3
Suppose -5*s - 532 = -527. Let k(a) = -10*a**3 + 2*a**2 + a. What is k(s)?
11
Let s(n) be the third derivative of -3*n**4/8 + n**3/6 + 169*n**2. Calculate s(-2).
19
Let o(l) = -8*l + 4. Let t(w) = 5*w - 3. Let d(k) = 3*o(k) + 5*t(k). Calculate d(10).
7
Let a(t) = t**3 - 7*t**2 - 8*t - 6. Let l be a(8). Let v = l + 8. Let m(i) = 5*i**3 - 3*i - 2 + 2*i**v + 6*i**2 - 2*i**2 - 6*i**3. Determine m(5).
8
Let f be -1 - ((-10)/(-95) - (-1485)/(-209)). Let i(l) = l**2 - 11*l + 29. Calculate i(f).
-1
Let p(i) = -7*i**3 - i**2 + 26*i + 3. Let f(w) = 6*w**3 + 2*w**2 - 23*w - 4. Let a(b) = 6*f(b) + 5*p(b). Give a(-8).
-9
Suppose 3*s + 9*a + 7 = 8*a, -5*a + 7 = s. Let n(v) = -3*v**2 - 5*v + 6. Give n(s).
-6
Let f(m) = m - 1. Let i(d) = 3*d**2 + 2*d - 3. Let p(u) = 5*u**2 + 5*u - 7. Let t(z) = -7*i(z) + 4*p(z). Let w(o) = -4*f(o) + t(o). Calculate w(3).
-6
Let p = 147 + -151. Let u(r) = -r**2 - 6*r - 14. What is u(p)?
-6
Let r(p) = 19*p**3 + p. Let u be 0/((-24)/18 - 4/6). Suppose -c + u*c + 3 = 4*j, 2*c = 3*j - 5. Give r(j).
20
Let c(y) = -2*y + 2. Let g(w) = -w**3 + 5*w**2 - 6*w + 1. Let d be g(4). Let s(q) = -q**3 - 7*q**2 + q + 10. Let h be s(d). Calculate c(h).
-4
Let a = 53 + -50. Suppose -17 = -u + 4*c, -a*c - c - 19 = -3*u. Let s(l) = -4*l**2. Calculate s(u).
-4
Let w(l) = l**2 - 6*l - 1. Suppose 2 = -3*a + 23. Let p be w(a). Let f(i) = i**3 - 6*i**2 + 7. What is f(p)?
7
Let a be 3 - (0 + (-3 - -2)). Suppose 0 = a*i - 3*i. Suppose i = 3*j - 0*j - 12. Let n(k) = k - 2. Determine n(j).
2
Let k(o) = -o**3 - 3*o**2 + o. Let b be k(-3). Let y(z) = 1 - 44706*z**2 + 0*z**3 - z**3 - 3*z + 44703*z**2. Determine y(b).
10
Let y(a) = 3*a + 5. Let d be y(-4). Let b(i) = 7*i - 5 - 101*i**2 + 5 - 101*i**2 + 203*i**2 + 4. Determine b(d).
4
Let t be (-4)/5 + (-24)/(-5). Suppose -28 = -2*v + 4*x, -t*v + 9 = -2*x - 17. Let c(l) = -2*l + 6. Give c(v).
-2
Let j(x) = -5*x**3 - 1. Suppose 0 = -3*m + 4*r - 31, 0*m - 4*r + 57 = -5*m. Let q = m - -17. Let y be 1/(-1*4/q). Determine j(y).
4
Let w(l) = -l**2 + 8*l + 7. Let a be (102/12 - (-3)/6) + -2. What is w(a)?
14
Let p = 6 - -11. Let h(g) = -g**2 + 17*g + 1. Let z be h(p). Let d(q) = 12*q. What is d(z)?
12
Let v = 3 + 2. Let f be -14*((-15)/(-6) + -3). Let h(n) = 4*n**2 + 3*n - 7*n**2 + f + 2*n**2. What is h(v)?
-3
Suppose 4*a + 12 = 0, 12*a - 11 = 2*y + 11*a. Let d(m) = -m**3 - 6*m**2 + 10*m + 6. Calculate d(y).
-15
Let i(a) = 5*a - 1. Suppose -5*y - 19 = f, 3*f - 3*y = -5*y + 8. Calculate i(f).
29
Let z(c) = 1. Let g be (4 - 6/2)*-1. Let m(k) = 2*k + 12. Let a(j) = g*m(j) + 4*z(j). Let f be a(-2). Let q(b) = b - 2. Determine q(f).
-6
Let r(s) be the first derivative of -s**3/3 - 11*s**2/2 - 12*s + 1038. Suppose 0 = n - 3 + 13. What is r(n)?
-2
Let a(j) be the first derivative of j**2 - 60. What is a(3)?
6
Suppose -x + 8*y = 6*y - 1, 5*x - y = 32. Let j(u) = u - 3. Let v(s) = -2*s + 6. Let c(f) = -7*j(f) - 3*v(f). Determine c(x).
-4
Let u(i) be the first derivative of 2*i**2 - 3*i**2 + 18*i + 8 - 14*i + 2*i**2. What is u(-5)?
-6
Let b(p) be the first derivative of p**3/3 + 7*p**2/2 + p + 1. Let d(o) be the first derivative of b(o). Calculate d(5).
17
Let s(t) be the second derivative of 0*t**2 + 2/3*t**3 + 0 + t. Let r = 1532 - 1534. Give s(r).
-8
Suppose -9*a - 7*a = 96. Let w be 4 - 1 - 0/2. Let y(f) = -w*f - f**3 - 6 + 0*f - 7*f**2 - 5*f. Determine y(a).
6
Let d(h) be the second derivative of 8*h**3/3 + 5*h**2/2 - 2*h + 155. Determine d(-2).
-27
Let r(h) = -h**2 - 3*h + 56. Let s be r(-9). Let l(o) be the first derivative of -2*o - 3*o**s - 2/3*o**3 + 1. Calculate l(-4).
-10
Let o(w) be the second derivative of w**5/10 + w**4/4 + w**3/6 + w**2 - 2*w. Suppose -5*z - 5 = x + 4, 4*z + x + 7 = 0. Determine o(z).
-4
Let w(o) be the first derivative of 13 - 3/2*o**2 - o. Calculate w(1).
-4
Let a(i) = -4*i**3 - 3*i**2 - 5*i - 2. Let n(g) = g**3 - g**2. Let u(q) = -a(q) - 3*n(q). Let x be (5/3)/(5/(-30)). Let w = -15 - x. Give u(w).
2
Let l(k) = -k**2 - 3*k + 3. Let h(o) = o**2 - 15*o - 13. Suppose 48 = -4*g + 7*g. Let b be h(g). Suppose v - 5 = 2*j, j = v + b*j + 15. What is l(v)?
-7
Let d(c) be the third derivative of -c**6/120 + c**5/12 - c**4/24 + 36*c**2 - 2. Determine d(4).
12
Let d(v) = -v**2 - 10*v + 15. Let f be d(0). Let p(o) = -o + 26. What is p(f)?
11
Let n be 2/4 + 861/(-6). Let y = n - -136. Let w(t) = -20*t**2 - 24*t - 26. Let b(a) = -7*a**2 - 8*a - 9. Let i(p) = 17*b(p) - 6*w(p). Calculate i(y).
-4
Let m be 2*(2 + -5 + 3 - 2). Let q be 8/(-6)*2*(-3)/m. Let h(d) = -5*d 